osite?
False
Is 218420707 a composite number?
True
Is 3493913 a prime number?
False
Is 8345573 prime?
False
Is 46439057 prime?
False
Is 2934401 composite?
False
Is 20145326 a prime number?
False
Is 681199691 prime?
True
Is 43607429 prime?
True
Is 106405103 composite?
True
Is 3455479 a prime number?
True
Is 33395683 a composite number?
False
Is 30772149 composite?
True
Is 593833 prime?
False
Is 15790481 a prime number?
False
Is 9094727 composite?
False
Is 5888339 composite?
True
Is 4342043 prime?
False
Is 630385271 composite?
False
Is 54685193 composite?
True
Is 6880099 a composite number?
False
Is 689519 composite?
True
Is 647182957 prime?
True
Is 68627233 a prime number?
False
Is 72027607 a prime number?
False
Is 15421487 a composite number?
False
Is 128409571 composite?
True
Is 2228722 a prime number?
False
Is 168439091 a prime number?
True
Is 65453659 composite?
False
Is 253469 a composite number?
False
Is 22468499 prime?
False
Is 4761767 a prime number?
False
Is 27131131 composite?
False
Is 50758639 prime?
False
Is 26823809 a prime number?
True
Is 1280077 a prime number?
False
Is 1328377 a prime number?
False
Is 7607021 prime?
True
Is 2911921 composite?
True
Is 683287651 composite?
False
Is 12605419 composite?
True
Is 596461 a prime number?
True
Is 7132747 a prime number?
False
Is 3997571 prime?
False
Is 199154359 a composite number?
False
Is 29882813 a composite number?
True
Is 211382477 a composite number?
False
Is 20418269 a composite number?
True
Is 62026649 a composite number?
True
Is 95190671 composite?
False
Is 258468659 composite?
False
Is 4741403 a prime number?
True
Is 4889009 prime?
False
Is 102267511 a prime number?
False
Is 1365499 a composite number?
False
Is 59117711 a composite number?
False
Is 13242277 a prime number?
True
Is 2659961 a prime number?
False
Is 977539 a prime number?
True
Is 105206039 a composite number?
False
Is 1072301 a prime number?
True
Is 1521269 composite?
False
Is 610554421 prime?
True
Is 496107445 prime?
False
Is 241994 a prime number?
False
Is 6131567 prime?
False
Is 29324571 prime?
False
Is 59256733 a composite number?
False
Is 2303137 a composite number?
False
Is 304032543 composite?
True
Is 3847489 a composite number?
False
Is 2875811 a composite number?
False
Is 3846833 a composite number?
False
Is 109186421 composite?
True
Is 444373 a composite number?
True
Is 9013811 prime?
True
Is 115131671 composite?
False
Is 97290509 composite?
True
Is 5300023 a composite number?
True
Is 443533 a prime number?
True
Is 9919933 a composite number?
False
Is 55953011 composite?
True
Is 3514039 composite?
True
Is 16815481 a prime number?
True
Is 8787257 prime?
False
Is 588329 a prime number?
False
Is 2453129 a composite number?
True
Is 121414267 a composite number?
True
Is 4946567 a prime number?
False
Is 251411051 prime?
False
Is 4950689 a composite number?
True
Is 9482647 a composite number?
True
Is 700726253 composite?
True
Is 2914577 prime?
True
Is 53331713 composite?
True
Is 2650987 a prime number?
True
Is 2734465 a composite number?
True
Is 1310443 a prime number?
False
Is 27645983 composite?
False
Is 91103185 a prime number?
False
Is 507029 prime?
True
Is 352961597 prime?
True
Is 30381737 prime?
False
Is 1412041 composite?
False
Is 40514603 composite?
False
Is 13128251 a prime number?
True
Is 14456563 a prime number?
False
Is 2057431 a composite number?
False
Is 141239269 prime?
True
Is 4733467 a composite number?
True
Is 3309571 composite?
False
Is 5295377 a prime number?
False
Is 64549 a prime number?
False
Is 4320023 prime?
False
Is 5874311 prime?
False
Is 92493845 prime?
False
Is 42223483 prime?
False
Is 466239197 a prime number?
True
Is 1368119 composite?
False
Is 6264277 a composite number?
False
Is 58457497 a prime number?
False
Is 2834269 a prime number?
True
Is 1942637 prime?
False
Is 3869479 prime?
False
Is 9185419 a prime number?
False
Is 1243351 prime?
False
Is 53618333 prime?
False
Is 1622221 a composite number?
True
Is 31964551 a composite number?
True
Is 109411033 composite?
False
Is 140402554 composite?
True
Is 626630399 prime?
False
Is 285257419 a composite number?
False
Is 896600123 a composite number?
False
Is 4495613 a prime number?
False
Is 9833641 a composite number?
False
Is 179246713 a prime number?
False
Is 4055837 a prime number?
False
Is 7428137 prime?
False
Is 29797473 a composite number?
True
Is 22835821 a composite number?
True
Is 37711769 a prime number?
False
Is 473506841 prime?
False
Is 576871849 composite?
False
Is 333118627 a composite number?
False
Is 8127479 a composite number?
True
Is 37167913 composite?
True
Is 4123949 a prime number?
True
Is 178238491 composite?
False
Is 5183531 a prime number?
True
Is 47163283 prime?
True
Is 649215961 a composite number?
False
Is 11895973 composite?
False
Is 4762013 a prime number?
True
Is 41215529 a prime number?
False
Is 5507197 composite?
True
Is 432395947 a prime number?
False
Is 314532721 a composite number?
False
Is 10538531 a prime number?
False
Is 28502893 a prime number?
True
Is 1413990359 a composite number?
False
Is 5517595 a prime number?
False
Is 11009119 a composite number?
True
Is 315304789 prime?
True
Is 66575027 composite?
False
Is 102336137 composite?
False
Is 9382927 prime?
True
Is 25152973 a composite number?
True
Is 4794481 composite?
False
Is 175134658 a composite number?
True
Is 9621427 prime?
False
Is 37078627 a composite number?
False
Is 6154237 a composite number?
True
Is 21462359 a prime number?
True
Is 986012653 a prime number?
True
Is 1566881 a prime number?
True
Is 3896303 composite?
False
Is 92843797 prime?
False
Is 88956471 composite?
True
Is 4496171 prime?
True
Is 1622549 a prime number?
True
Is 32316829 a prime number?
True
Is 173506279 prime?
True
Is 38588477 composite?
False
Is 7748611 a prime number?
False
Is 11023367 a composite number?
False
Is 10387981 a composite number?
False
Is 983699 composite?
False
Is 23636243 composite?
False
Is 176533 a prime number?
False
Is 13501097 a composite number?
True
Is 4321147 a prime number?
False
Is 37429471 composite?
False
Is 18021713 a prime number?
True
Is 15180377 a composite number?
True
Is 13901 composite?
False
Is 37664767 composite?
True
Is 12318929 a prime number?
False
Is 231377 a prime number?
False
Is 12635773 prime?
False
Is 676853 a composite number?
True
Is 5911517 composite?
True
Is 10180411 a prime number?
True
Is 24106391 prime?
False
Is 277178203 a composite number?
False
Is 90047759 a prime number?
False
Is 67034777 composite?
False
Is 1209611 a prime number?
False
Is 2985691 composite?
False
Is 4734655 a prime number?
False
Is 48373433 composite?
False
Is 7497293 composite?
False
Is 10467143 prime?
True
Is 14541853 prime?
False
Is 53410913 a composite number?
False
Is 5735581 a composite number?
False
Is 6859933 a prime number?
True
Is 11866037 a prime number?
False
Is 60913859 prime?
False
Is 4329163 prime?
False
Is 43925153 composite?
False
Is 100075091 a prime number?
False
Is 56508251 prime?
False
Is 30056753 prime?
True
Is 209527 a prime number?
False
Is 8789009 a prime number?
True
Is 20723333 composite?
True
Is 319003907 a composite number?
True
Is 2826577 a composite number?
True
Is 197835743 a prime number?
False
Is 797254 prime?
False
Is 342903397 composite?
False
Is 77868911 composite?
False
Is 67313111 a prime number?
False
Is 750311 a composite number?
False
Is 15922001 a prime number?
True
Is 975323 a composite number?
False
Is 4216763 prime?
False
Is 9129401 prime?
True
Is 168108803 composite?
True
Is 83444927 composite?
False
Is 357229 a composite number?
False
Is 50186191 composite?
True
Is 117570097 a prime number?
False
Is 3250623 a prime number?
False
Is 91990121 composite?
False
Is 718541 a composite number?
False
Is 38228303 a composite number?
True
Is 3128563 composite?
True
Is 7210991 prime?
True
Is 76658669 a prime number?
True
Is 1206514901 a composite number?
False
Is 8641771 a prime number?
False
Is 12978269 prime?
False
Is 43711277 a composite number?
False
Is 1200773 prime?
False
Is 41020015 composite?
True
Is 366074 composite?
True
Is 1073706229 prime?
False
Is 6856505 a prime number?
False
Is 1563595277 a composite number?
True
Is 706435127 composite?
False
Is 36466303 composite?
False
Is 62226337 